45, -5*w - 5*d = -245. Suppose -57 - 114 = -9*y. What is the remainder when w is divided by y?
15
Suppose 5*j = 70 + 20. Suppose 5*s - j = -3. Let x(y) = -9*y - 1. Calculate the remainder when x(-1) is divided by s.
2
Suppose m + 2*m + 2*y = 209, -2*m + 2*y = -146. What is the remainder when m is divided by 23?
2
Let m(l) = -6*l - 40 + 2*l - 7*l. Calculate the remainder when 146 is divided by m(-7).
35
Suppose 0 = 58*w - 61*w + 54. Suppose w*y = 19*y - 22. What is the remainder when y is divided by ((-1)/3)/(1/(-39))?
9
Let y = 80 + -70. Calculate the remainder when 57 is divided by y.
7
Suppose -12*f = -3*f + 63. Let h = f + 19. Calculate the remainder when 32 is divided by h.
8
Let n(x) = -x**2 - 20*x - 77. Calculate the remainder when (-8)/(-28) + (-628)/(-7) is divided by n(-10).
21
Suppose 0 = -w + 4*w - 33. Suppose 5 = -p + 35. Suppose 2*g - 10 = p. What is the remainder when g is divided by w?
9
Suppose 7*c - 6*c = 0. Suppose c = 3*f - 65 + 14. Let o = 49 + -1. What is the remainder when o is divided by f?
14
Let m(b) = 12*b - 1. Let r be m(2). Let i = r - 12. Let t = 15 - -6. Calculate the remainder when t is divided by i.
10
Suppose -756*d + 755*d = -62. Suppose 9*s - 159 = 4*s - 4*v, 2*s - 54 = -4*v. What is the remainder when d is divided by s?
27
Let j = -18 + 32. What is the remainder when 47 is divided by j?
5
Let c = 9 + -19. What is the remainder when (-4)/c - (-3990)/25 is divided by 41?
37
Let v(r) = -30*r - 427. What is the remainder when v(-23) is divided by 82?
17
Let n(u) = 2*u**2 + u - 5. Let i be n(-5). Suppose 6*h = 2*h + i. What is the remainder when 28 is divided by h?
8
Let d(t) = -t**2 + 11*t - 2. Let z be d(5). Suppose -2*l + 4 = -z. What is the remainder when 1 - (-4)/(8/90) is divided by l?
14
Let t(z) = 2*z**3 - 33*z**2 + 16*z + 33. What is the remainder when 230 is divided by t(16)?
32
Let o = 62 + -54. Let s(p) = 3*p**2 - 7*p - 25. Calculate the remainder when s(o) is divided by 19.
16
Let n = -533 - -770. What is the remainder when n is divided by (-705)/(-21) - (-39)/91?
33
Calculate the remainder when -4 + (-10135)/(-75) - 4/30 is divided by 41.
8
Let z(x) = -x**3 - 7*x**2 - 4*x + 3. Let f be z(-8). Let d = f - 49. Suppose 0*c + d = 5*c. Calculate the remainder when 17 is divided by c.
7
Let y(m) = -99*m - 2. Suppose -l - 4 = 3*l. Calculate the remainder when y(l) is divided by 33.
31
Let u(v) = 4*v + 108. Let m be u(-24). Suppose 3*k = 2*k - 2*l, l - 1 = 0. Let c = m + k. Calculate the remainder when 39 is divided by c.
9
Let u(p) = -2*p**3 - p**2 + 3*p + 2. Let s(m) = -m**3 + 3*m**2 - 2. Let w be s(3). Let o = 5 - 2. Calculate the remainder when u(w) is divided by o.
2
Let x be 2/5 + 90/25. What is the remainder when (2 + -101)*x/(-12) is divided by 17?
16
Let i be (-5 - 132/(-4))*6/(-4). Let l = 78 + i. What is the remainder when l is divided by 13?
10
Suppose x + 426 = 7*x. Calculate the remainder when 212 is divided by x.
70
Let o = -191 - -269. What is the remainder when 217 is divided by o?
61
Let h(u) = u**3 - u**2. Let p be h(2). Let q be p/6*(-189)/(-9). What is the remainder when -7*(0 + (-48)/q) is divided by 13?
11
Suppose -4*k = -10*k + 12. What is the remainder when 62 is divided by 39/k*(-2)/(-3)?
10
Let s(v) = -2*v**2 - 20*v + 4. Let l be s(-10). Calculate the remainder when 65 is divided by (34/(-3))/(l/(-6)).
14
Let m be 190/(-2 - 3) - -4. What is the remainder when 199 is divided by 9/(-6)*m - 0?
46
Suppose s = -3*m + 176, 2*m - 80 = -2*s + 44. What is the remainder when 168 is divided by m?
54
Suppose -2*a = 3*x - 3*a - 1, 3*x - 4*a = -14. Let s(l) = -6 - x*l**2 + 14*l**3 - 3*l**2 - 15*l**3. What is the remainder when s(-6) is divided by 11?
8
Let q be (-10 - 4/(-1))/1. Let o(p) = 1 - 8 + 0*p - 1 - 2*p. Calculate the remainder when 14 is divided by o(q).
2
Let t(d) = 89*d**2 + 1. Suppose -6*n + 13*n = 7. Let q be t(n). Suppose 0 = -w + 5*f + 25 + 19, 3*w - f = q. What is the remainder when w is divided by 15?
14
Suppose -p + 21 = y, -5*y - 125 = -5*p - 0*p. Calculate the remainder when p is divided by 23.
0
What is the remainder when 239/(4 + -1 + -2) is divided by 40?
39
Let w = 312 + -260. Calculate the remainder when w is divided by 27*(0 + (-1)/(-1)).
25
Let v(d) = d**3 + 12*d**2 + 22*d - 30. Calculate the remainder when v(-6) is divided by 31.
23
Let m(a) = a**2 - 4*a - 9. What is the remainder when 1 - 4 - ((-357)/7 - -2) is divided by m(7)?
10
Let j = -3 - -8. Let v = -66 + 110. Suppose -5*l = 6*l - v. What is the remainder when j is divided by l?
1
Let w = -172 - -189. Calculate the remainder when 53 is divided by w.
2
Suppose 0 = 7*g - 19*g + 192. Suppose -14*m = -9*m - 385. Calculate the remainder when m is divided by g.
13
Let j be 6/(-4) + -11*(-2)/4. Suppose -4*y - 5*v + 157 = 0, y - 49 = -j*v + 6*v. What is the remainder when 128 is divided by y?
42
Let l = 2278 - 2194. Calculate the remainder when l is divided by 24.
12
Let h(l) = 3*l - 3. Calculate the remainder when h(3) is divided by 294/36 + 1/(-6) + (23 - 26).
1
Let p = 1899 - 1097. What is the remainder when p is divided by 67?
65
Suppose -52*i = -30*i - 330. What is the remainder when 88 is divided by i?
13
Calculate the remainder when ((-36)/48)/(-1 - 82/(-88)) is divided by 6.
5
Suppose 5*v = -146 + 221. What is the remainder when 854 is divided by v?
14
Let m be 2 + -4 - (-1*51)/(-3). Let v = -2 - m. What is the remainder when 49 is divided by v?
15
Calculate the remainder when (6/12*220)/((-2)/(-4)) is divided by 56.
52
Let k = -7 - -1. Let p = 11 + k. Suppose -5*m = -2*b - 43, -m + p*b + 0 = -4. Calculate the remainder when m is divided by 4.
1
Let i = -779 + 795. Let g = 80 - 31. Calculate the remainder when g is divided by i.
1
Suppose -z - 925 = -5*z - b, 15 = -5*b. Calculate the remainder when z is divided by 39.
37
Suppose -16*v = -4*x - 19*v + 117, -x + 18 = -3*v. Calculate the remainder when 127 is divided by x.
19
Let m = 338 - 335. Let a(d) = -18*d**3 + d**2 - d - 1. Let v be a(-1). Let p = v - m. Calculate the remainder when 29 is divided by p.
13
Suppose 533 = 4*v + c + 4*c, -3*v + 5*c = -426. What is the remainder when v is divided by 3/12*284/1?
66
Calculate the remainder when 144 is divided by (-9)/6*(-4876)/138.
38
Suppose -30 = -25*r + 22*r. Let k(t) = -t**2 - 3*t + 4. Let z be k(-3). Suppose z*b - 156 = -0*b. Calculate the remainder when b is divided by r.
9
Suppose -166*n = -169*n + 156. Suppose 2*l + 4*k = n, 5*k - 2*k = 15. Calculate the remainder when l is divided by 7.
2
Suppose 2*z = -3*a + 59, -5*a + 3*z + 2*z + 140 = 0. Let r = -20 - -7. Let p = a + r. Calculate the remainder when p is divided by 4.
2
What is the remainder when (-78)/208 - (1 + 11387/(-8)) is divided by 31?
27
Let o be (2/5)/(21/105). Suppose 5*k = -5*y + 35, y + 28 = 2*k + o*k. What is the remainder when k is divided by 6?
1
Suppose -25*t - 24*t = -2940. Calculate the remainder when 236 is divided by t.
56
Suppose 0 = 4*i + 12 + 4. Suppose 3*j - u - 224 = -6*u, 0 = -4*j - 2*u + 280. What is the remainder when j is divided by (-69)/(7 + i)*-1?
22
Suppose 8*g - 201 - 39 = 0. Suppose 0 = -4*k + 2*k - 5*t + g, 0 = 5*k + 3*t - 56. What is the remainder when 19 is divided by k?
9
Let z(y) = -y. Let i(u) = 2*u - 34. Let x(d) = i(d) - 3*z(d). Calculate the remainder when x(10) is divided by 10.
6
Let d = -245 + 286. Calculate the remainder when d is divided by 11.
8
Suppose -2*a + 4*a = 3*u - 20, 0 = 2*u - 5*a - 28. Suppose 0*w + u*w = 140. Calculate the remainder when w is divided by 1110/50 + -9 + 1/(-5).
9
Suppose -244 = -2*y + j, -y - 2*y - 2*j = -373. Let q = -93 + y. Calculate the remainder when 177 is divided by q.
27
Let r(f) = -2*f**3 + 2*f**2 - f + 5. Let d be r(2). What is the remainder when 33 is divided by 5/(15/12) - d?
6
Let c(v) = v**3 - 2*v**2 + 2*v. Let s be c(2). Suppose 0 = s*q - 75 + 7. What is the remainder when 83 is divided by q?
15
Let t(r) = -r**2 - 6*r - 9. Let y be t(-7). Calculate the remainder when 73 is divided by ((-12)/y)/((-1)/(-20)).
13
Let h be 4 + -4 + -4 + 1. What is the remainder when 85 is divided by 26 + 3 + h - -3?
27
Suppose -l - 7 = -10. Suppose l = -s + 3*a + 7, -a = -3. Calculate the remainder when 64 is divided by s.
12
Suppose 0 = 8*w - 43 - 53. Calculate the remainder whe